{"id":159,"date":"2015-10-08T15:11:27","date_gmt":"2015-10-08T14:11:27","guid":{"rendered":"http:\/\/www.chateau-de-cabidos.com\/?page_id=159"},"modified":"2019-06-03T16:34:07","modified_gmt":"2019-06-03T15:34:07","slug":"qui-sommes-nous","status":"publish","type":"page","link":"https:\/\/www.chateau-de-cabidos.com\/en\/qui-sommes-nous\/","title":{"rendered":"Who Are we?"},"content":{"rendered":"<p><\/p>\n<p><strong>The viticultural domaine of the Ch\u00e2teau of Cabidos is family owned and consists of twenty acres located just below the village of Cabidos, in the north of the \u00a0B\u00e9arn, near the famous slopes of Juran\u00e7on in south-western France.<\/strong><\/p>\n<p>The family wine business was revived by Isabelle de Nazelle in 1992 and developed by her son Vivien, with his wife Maleine and brother Edouard, together with Jean-Michel Novelle, a Swiss oenologist of international renown.<\/p>\n<p>In 2002, an air-conditioned cellar was built to ensure the wine was properly stored and in 2007, Mrs. M\u00e9o Sakorn-S\u00e9ri\u00e8s became the Maitre de Chai, or Cellar Master, who is the person responsible for making and ageing the wine. M\u00e9o Sakorn-S\u00e9ri\u00e8s is unique in being the only Thai woman to be a director of a vineyard and winery in the whole of France. In 2015, new owners acquired Ch\u00e2teau de Cabidos with the aim of continuing its legacy and traditions and producing more of its exceptionally prized wines.<\/p>\n<p>The Petit Manseng grape, which comes from the Pyrenean region of France, is the predominant variety occupying 16 acres of our vineyards, and produces both sweet and dry white wines. The vineyard also has an acre of Chardonnay and an acre of Sauvignon, which work well as a dry blend. The fourth grape is Syrah grown on 2 acres to produce our red wine. It is so popular that we have been gradually increasing the acreage.<\/p>\n<p>Since replanting the vineyard, the wines from Chateau de Cabidos have become established and show great personality and precision. They are remarkably well- balanced, with wonderful fruit flavors and the top cuv\u00e9es can rightly be considered as great wines and have been recognized worldwide with a plethora of awards and medals.<\/p>\n<p><a href=\"http:\/\/www.chateau-de-cabidos.com\/wp-content\/uploads\/2016\/06\/cabidos-2.jpg\"><img loading=\"lazy\" decoding=\"async\" class=\"alignnone size-full wp-image-476\" src=\"http:\/\/www.chateau-de-cabidos.com\/wp-content\/uploads\/2016\/06\/cabidos-2.jpg\" alt=\"cabidos-2\" width=\"1020\" height=\"693\" srcset=\"https:\/\/www.chateau-de-cabidos.com\/wp-content\/uploads\/2016\/06\/cabidos-2.jpg 1020w, https:\/\/www.chateau-de-cabidos.com\/wp-content\/uploads\/2016\/06\/cabidos-2-300x204.jpg 300w, https:\/\/www.chateau-de-cabidos.com\/wp-content\/uploads\/2016\/06\/cabidos-2-768x522.jpg 768w, https:\/\/www.chateau-de-cabidos.com\/wp-content\/uploads\/2016\/06\/cabidos-2-799x543.jpg 799w, https:\/\/www.chateau-de-cabidos.com\/wp-content\/uploads\/2016\/06\/cabidos-2-600x408.jpg 600w, https:\/\/www.chateau-de-cabidos.com\/wp-content\/uploads\/2016\/06\/cabidos-2-400x272.jpg 400w, https:\/\/www.chateau-de-cabidos.com\/wp-content\/uploads\/2016\/06\/cabidos-2-800x544.jpg 800w\" sizes=\"auto, (max-width: 1020px) 100vw, 1020px\" \/><\/a><\/p>\n<p><\/p>","protected":false},"excerpt":{"rendered":"<p>The viticultural domaine of the Ch\u00e2teau of Cabidos is family owned and consists of twenty acres located just below the [&hellip;]<\/p>\n","protected":false},"author":1,"featured_media":0,"parent":0,"menu_order":0,"comment_status":"closed","ping_status":"closed","template":"","meta":{"_acf_changed":false,"footnotes":""},"class_list":["post-159","page","type-page","status-publish","hentry"],"acf":[],"yoast_head":"<!-- This site is optimized with the Yoast SEO plugin v27.5 - https:\/\/yoast.com\/product\/yoast-seo-wordpress\/ -->\n<title>Le c\u00e9page petit manseng d\u2019origine pyr\u00e9n\u00e9enne occupe 7,3 hectares<\/title>\n<meta name=\"description\" content=\"Le domaine du Ch\u00e2teau de Cabidos est une propri\u00e9t\u00e9 familiale de neuf\u00a0 hectares situ\u00e9e au nord du B\u00e9arn, non loin des c\u00e9l\u00e8bres coteaux de Juran\u00e7on.\" \/>\n<meta name=\"robots\" content=\"index, follow, max-snippet:-1, max-image-preview:large, max-video-preview:-1\" \/>\n<link rel=\"canonical\" href=\"https:\/\/www.chateau-de-cabidos.com\/en\/qui-sommes-nous\/\" \/>\n<meta property=\"og:locale\" content=\"en_US\" \/>\n<meta property=\"og:type\" content=\"article\" \/>\n<meta property=\"og:title\" content=\"Le c\u00e9page petit manseng d\u2019origine pyr\u00e9n\u00e9enne occupe 7,3 hectares\" \/>\n<meta property=\"og:description\" content=\"Le domaine du Ch\u00e2teau de Cabidos est une propri\u00e9t\u00e9 familiale de neuf\u00a0 hectares situ\u00e9e au nord du B\u00e9arn, non loin des c\u00e9l\u00e8bres coteaux de Juran\u00e7on.\" \/>\n<meta property=\"og:url\" content=\"https:\/\/www.chateau-de-cabidos.com\/en\/qui-sommes-nous\/\" \/>\n<meta property=\"og:site_name\" content=\"Ch\u00e2teau de Cabidos\" \/>\n<meta property=\"article:modified_time\" content=\"2019-06-03T15:34:07+00:00\" \/>\n<meta property=\"og:image\" content=\"http:\/\/www.chateau-de-cabidos.com\/wp-content\/uploads\/2016\/06\/cabidos-2.jpg\" \/>\n<meta name=\"twitter:card\" content=\"summary_large_image\" \/>\n<meta name=\"twitter:label1\" content=\"Est. reading time\" \/>\n\t<meta name=\"twitter:data1\" content=\"3 minutes\" \/>\n<script type=\"application\/ld+json\" class=\"yoast-schema-graph\">{\"@context\":\"https:\\\/\\\/schema.org\",\"@graph\":[{\"@type\":\"WebPage\",\"@id\":\"https:\\\/\\\/www.chateau-de-cabidos.com\\\/en\\\/qui-sommes-nous\\\/\",\"url\":\"https:\\\/\\\/www.chateau-de-cabidos.com\\\/en\\\/qui-sommes-nous\\\/\",\"name\":\"Le c\u00e9page petit manseng d\u2019origine pyr\u00e9n\u00e9enne occupe 7,3 hectares\",\"isPartOf\":{\"@id\":\"https:\\\/\\\/www.chateau-de-cabidos.com\\\/en\\\/#website\"},\"primaryImageOfPage\":{\"@id\":\"https:\\\/\\\/www.chateau-de-cabidos.com\\\/en\\\/qui-sommes-nous\\\/#primaryimage\"},\"image\":{\"@id\":\"https:\\\/\\\/www.chateau-de-cabidos.com\\\/en\\\/qui-sommes-nous\\\/#primaryimage\"},\"thumbnailUrl\":\"http:\\\/\\\/www.chateau-de-cabidos.com\\\/wp-content\\\/uploads\\\/2016\\\/06\\\/cabidos-2.jpg\",\"datePublished\":\"2015-10-08T14:11:27+00:00\",\"dateModified\":\"2019-06-03T15:34:07+00:00\",\"description\":\"Le domaine du Ch\u00e2teau de Cabidos est une propri\u00e9t\u00e9 familiale de neuf\u00a0 hectares situ\u00e9e au nord du B\u00e9arn, non loin des c\u00e9l\u00e8bres coteaux de Juran\u00e7on.\",\"breadcrumb\":{\"@id\":\"https:\\\/\\\/www.chateau-de-cabidos.com\\\/en\\\/qui-sommes-nous\\\/#breadcrumb\"},\"inLanguage\":\"en-US\",\"potentialAction\":[{\"@type\":\"ReadAction\",\"target\":[[\"https:\\\/\\\/www.chateau-de-cabidos.com\\\/en\\\/qui-sommes-nous\\\/\"]]}]},{\"@type\":\"ImageObject\",\"inLanguage\":\"en-US\",\"@id\":\"https:\\\/\\\/www.chateau-de-cabidos.com\\\/en\\\/qui-sommes-nous\\\/#primaryimage\",\"url\":\"http:\\\/\\\/www.chateau-de-cabidos.com\\\/wp-content\\\/uploads\\\/2016\\\/06\\\/cabidos-2.jpg\",\"contentUrl\":\"http:\\\/\\\/www.chateau-de-cabidos.com\\\/wp-content\\\/uploads\\\/2016\\\/06\\\/cabidos-2.jpg\"},{\"@type\":\"BreadcrumbList\",\"@id\":\"https:\\\/\\\/www.chateau-de-cabidos.com\\\/en\\\/qui-sommes-nous\\\/#breadcrumb\",\"itemListElement\":[{\"@type\":\"ListItem\",\"position\":1,\"name\":\"Accueil\",\"item\":\"https:\\\/\\\/www.chateau-de-cabidos.com\\\/en\\\/\"},{\"@type\":\"ListItem\",\"position\":2,\"name\":\"Who Are we?\"}]},{\"@type\":\"WebSite\",\"@id\":\"https:\\\/\\\/www.chateau-de-cabidos.com\\\/en\\\/#website\",\"url\":\"https:\\\/\\\/www.chateau-de-cabidos.com\\\/en\\\/\",\"name\":\"Ch\u00e2teau de Cabidos\",\"description\":\"\",\"potentialAction\":[{\"@type\":\"SearchAction\",\"target\":{\"@type\":\"EntryPoint\",\"urlTemplate\":\"https:\\\/\\\/www.chateau-de-cabidos.com\\\/en\\\/?s={search_term_string}\"},\"query-input\":{\"@type\":\"PropertyValueSpecification\",\"valueRequired\":true,\"valueName\":\"search_term_string\"}}],\"inLanguage\":\"en-US\"}]}<\/script>\n<!-- \/ Yoast SEO plugin. -->","yoast_head_json":{"title":"Le c\u00e9page petit manseng d\u2019origine pyr\u00e9n\u00e9enne occupe 7,3 hectares","description":"Le domaine du Ch\u00e2teau de Cabidos est une propri\u00e9t\u00e9 familiale de neuf\u00a0 hectares situ\u00e9e au nord du B\u00e9arn, non loin des c\u00e9l\u00e8bres coteaux de Juran\u00e7on.","robots":{"index":"index","follow":"follow","max-snippet":"max-snippet:-1","max-image-preview":"max-image-preview:large","max-video-preview":"max-video-preview:-1"},"canonical":"https:\/\/www.chateau-de-cabidos.com\/en\/qui-sommes-nous\/","og_locale":"en_US","og_type":"article","og_title":"Le c\u00e9page petit manseng d\u2019origine pyr\u00e9n\u00e9enne occupe 7,3 hectares","og_description":"Le domaine du Ch\u00e2teau de Cabidos est une propri\u00e9t\u00e9 familiale de neuf\u00a0 hectares situ\u00e9e au nord du B\u00e9arn, non loin des c\u00e9l\u00e8bres coteaux de Juran\u00e7on.","og_url":"https:\/\/www.chateau-de-cabidos.com\/en\/qui-sommes-nous\/","og_site_name":"Ch\u00e2teau de Cabidos","article_modified_time":"2019-06-03T15:34:07+00:00","og_image":[{"url":"http:\/\/www.chateau-de-cabidos.com\/wp-content\/uploads\/2016\/06\/cabidos-2.jpg","type":"","width":"","height":""}],"twitter_card":"summary_large_image","twitter_misc":{"Est. reading time":"3 minutes"},"schema":{"@context":"https:\/\/schema.org","@graph":[{"@type":"WebPage","@id":"https:\/\/www.chateau-de-cabidos.com\/en\/qui-sommes-nous\/","url":"https:\/\/www.chateau-de-cabidos.com\/en\/qui-sommes-nous\/","name":"Le c\u00e9page petit manseng d\u2019origine pyr\u00e9n\u00e9enne occupe 7,3 hectares","isPartOf":{"@id":"https:\/\/www.chateau-de-cabidos.com\/en\/#website"},"primaryImageOfPage":{"@id":"https:\/\/www.chateau-de-cabidos.com\/en\/qui-sommes-nous\/#primaryimage"},"image":{"@id":"https:\/\/www.chateau-de-cabidos.com\/en\/qui-sommes-nous\/#primaryimage"},"thumbnailUrl":"http:\/\/www.chateau-de-cabidos.com\/wp-content\/uploads\/2016\/06\/cabidos-2.jpg","datePublished":"2015-10-08T14:11:27+00:00","dateModified":"2019-06-03T15:34:07+00:00","description":"Le domaine du Ch\u00e2teau de Cabidos est une propri\u00e9t\u00e9 familiale de neuf\u00a0 hectares situ\u00e9e au nord du B\u00e9arn, non loin des c\u00e9l\u00e8bres coteaux de Juran\u00e7on.","breadcrumb":{"@id":"https:\/\/www.chateau-de-cabidos.com\/en\/qui-sommes-nous\/#breadcrumb"},"inLanguage":"en-US","potentialAction":[{"@type":"ReadAction","target":[["https:\/\/www.chateau-de-cabidos.com\/en\/qui-sommes-nous\/"]]}]},{"@type":"ImageObject","inLanguage":"en-US","@id":"https:\/\/www.chateau-de-cabidos.com\/en\/qui-sommes-nous\/#primaryimage","url":"http:\/\/www.chateau-de-cabidos.com\/wp-content\/uploads\/2016\/06\/cabidos-2.jpg","contentUrl":"http:\/\/www.chateau-de-cabidos.com\/wp-content\/uploads\/2016\/06\/cabidos-2.jpg"},{"@type":"BreadcrumbList","@id":"https:\/\/www.chateau-de-cabidos.com\/en\/qui-sommes-nous\/#breadcrumb","itemListElement":[{"@type":"ListItem","position":1,"name":"Accueil","item":"https:\/\/www.chateau-de-cabidos.com\/en\/"},{"@type":"ListItem","position":2,"name":"Who Are we?"}]},{"@type":"WebSite","@id":"https:\/\/www.chateau-de-cabidos.com\/en\/#website","url":"https:\/\/www.chateau-de-cabidos.com\/en\/","name":"Ch\u00e2teau de Cabidos","description":"","potentialAction":[{"@type":"SearchAction","target":{"@type":"EntryPoint","urlTemplate":"https:\/\/www.chateau-de-cabidos.com\/en\/?s={search_term_string}"},"query-input":{"@type":"PropertyValueSpecification","valueRequired":true,"valueName":"search_term_string"}}],"inLanguage":"en-US"}]}},"_links":{"self":[{"href":"https:\/\/www.chateau-de-cabidos.com\/en\/wp-json\/wp\/v2\/pages\/159","targetHints":{"allow":["GET"]}}],"collection":[{"href":"https:\/\/www.chateau-de-cabidos.com\/en\/wp-json\/wp\/v2\/pages"}],"about":[{"href":"https:\/\/www.chateau-de-cabidos.com\/en\/wp-json\/wp\/v2\/types\/page"}],"author":[{"embeddable":true,"href":"https:\/\/www.chateau-de-cabidos.com\/en\/wp-json\/wp\/v2\/users\/1"}],"replies":[{"embeddable":true,"href":"https:\/\/www.chateau-de-cabidos.com\/en\/wp-json\/wp\/v2\/comments?post=159"}],"version-history":[{"count":8,"href":"https:\/\/www.chateau-de-cabidos.com\/en\/wp-json\/wp\/v2\/pages\/159\/revisions"}],"predecessor-version":[{"id":927,"href":"https:\/\/www.chateau-de-cabidos.com\/en\/wp-json\/wp\/v2\/pages\/159\/revisions\/927"}],"wp:attachment":[{"href":"https:\/\/www.chateau-de-cabidos.com\/en\/wp-json\/wp\/v2\/media?parent=159"}],"curies":[{"name":"wp","href":"https:\/\/api.w.org\/{rel}","templated":true}]}}

<p></p>
<p><strong>The viticultural domaine of the Château of Cabidos is family owned and consists of twenty acres located just below the village of Cabidos, in the north of the  Béarn, near the famous slopes of Jurançon in south-western France.</strong></p>
<p>The family wine business was revived by Isabelle de Nazelle in 1992 and developed by her son Vivien, with his wife Maleine and brother Edouard, together with Jean-Michel Novelle, a Swiss oenologist of international renown.</p>
<p>In 2002, an air-conditioned cellar was built to ensure the wine was properly stored and in 2007, Mrs. Méo Sakorn-Sériès became the Maitre de Chai, or Cellar Master, who is the person responsible for making and ageing the wine. Méo Sakorn-Sériès is unique in being the only Thai woman to be a director of a vineyard and winery in the whole of France. In 2015, new owners acquired Château de Cabidos with the aim of continuing its legacy and traditions and producing more of its exceptionally prized wines.</p>
<p>The Petit Manseng grape, which comes from the Pyrenean region of France, is the predominant variety occupying 16 acres of our vineyards, and produces both sweet and dry white wines. The vineyard also has an acre of Chardonnay and an acre of Sauvignon, which work well as a dry blend. The fourth grape is Syrah grown on 2 acres to produce our red wine. It is so popular that we have been gradually increasing the acreage.</p>
<p>Since replanting the vineyard, the wines from Chateau de Cabidos have become established and show great personality and precision. They are remarkably well- balanced, with wonderful fruit flavors and the top cuvées can rightly be considered as great wines and have been recognized worldwide with a plethora of awards and medals.</p>
<p><a href="http://www.chateau-de-cabidos.com/wp-content/uploads/2016/06/cabidos-2.jpg"><img loading="lazy" decoding="async" class="alignnone size-full wp-image-476" src="http://www.chateau-de-cabidos.com/wp-content/uploads/2016/06/cabidos-2.jpg" alt="cabidos-2" width="1020" height="693" srcset="https://www.chateau-de-cabidos.com/wp-content/uploads/2016/06/cabidos-2.jpg 1020w, https://www.chateau-de-cabidos.com/wp-content/uploads/2016/06/cabidos-2-300x204.jpg 300w, https://www.chateau-de-cabidos.com/wp-content/uploads/2016/06/cabidos-2-768x522.jpg 768w, https://www.chateau-de-cabidos.com/wp-content/uploads/2016/06/cabidos-2-799x543.jpg 799w, https://www.chateau-de-cabidos.com/wp-content/uploads/2016/06/cabidos-2-600x408.jpg 600w, https://www.chateau-de-cabidos.com/wp-content/uploads/2016/06/cabidos-2-400x272.jpg 400w, https://www.chateau-de-cabidos.com/wp-content/uploads/2016/06/cabidos-2-800x544.jpg 800w" sizes="auto, (max-width: 1020px) 100vw, 1020px" /></a></p>
<p></p>

<p>The viticultural domaine of the Château of Cabidos is family owned and consists of twenty acres located just below the [&hellip;]</p>

<!-- This site is optimized with the Yoast SEO plugin v27.5 - https://yoast.com/product/yoast-seo-wordpress/ -->
<title>Le cépage petit manseng d’origine pyrénéenne occupe 7,3 hectares</title>
<meta name="description" content="Le domaine du Château de Cabidos est une propriété familiale de neuf  hectares située au nord du Béarn, non loin des célèbres coteaux de Jurançon." />
<meta name="robots" content="index, follow, max-snippet:-1, max-image-preview:large, max-video-preview:-1" />
<link rel="canonical" href="https://www.chateau-de-cabidos.com/en/qui-sommes-nous/" />
<meta property="og:locale" content="en_US" />
<meta property="og:type" content="article" />
<meta property="og:title" content="Le cépage petit manseng d’origine pyrénéenne occupe 7,3 hectares" />
<meta property="og:description" content="Le domaine du Château de Cabidos est une propriété familiale de neuf  hectares située au nord du Béarn, non loin des célèbres coteaux de Jurançon." />
<meta property="og:url" content="https://www.chateau-de-cabidos.com/en/qui-sommes-nous/" />
<meta property="og:site_name" content="Château de Cabidos" />
<meta property="article:modified_time" content="2019-06-03T15:34:07+00:00" />
<meta property="og:image" content="http://www.chateau-de-cabidos.com/wp-content/uploads/2016/06/cabidos-2.jpg" />
<meta name="twitter:card" content="summary_large_image" />
<meta name="twitter:label1" content="Est. reading time" />
	<meta name="twitter:data1" content="3 minutes" />
<script type="application/ld+json" class="yoast-schema-graph">{"@context":"https:\/\/schema.org","@graph":[{"@type":"WebPage","@id":"https:\/\/www.chateau-de-cabidos.com\/en\/qui-sommes-nous\/","url":"https:\/\/www.chateau-de-cabidos.com\/en\/qui-sommes-nous\/","name":"Le cépage petit manseng d’origine pyrénéenne occupe 7,3 hectares","isPartOf":{"@id":"https:\/\/www.chateau-de-cabidos.com\/en\/#website"},"primaryImageOfPage":{"@id":"https:\/\/www.chateau-de-cabidos.com\/en\/qui-sommes-nous\/#primaryimage"},"image":{"@id":"https:\/\/www.chateau-de-cabidos.com\/en\/qui-sommes-nous\/#primaryimage"},"thumbnailUrl":"http:\/\/www.chateau-de-cabidos.com\/wp-content\/uploads\/2016\/06\/cabidos-2.jpg","datePublished":"2015-10-08T14:11:27+00:00","dateModified":"2019-06-03T15:34:07+00:00","description":"Le domaine du Château de Cabidos est une propriété familiale de neuf  hectares située au nord du Béarn, non loin des célèbres coteaux de Jurançon.","breadcrumb":{"@id":"https:\/\/www.chateau-de-cabidos.com\/en\/qui-sommes-nous\/#breadcrumb"},"inLanguage":"en-US","potentialAction":[{"@type":"ReadAction","target":[["https:\/\/www.chateau-de-cabidos.com\/en\/qui-sommes-nous\/"]]}]},{"@type":"ImageObject","inLanguage":"en-US","@id":"https:\/\/www.chateau-de-cabidos.com\/en\/qui-sommes-nous\/#primaryimage","url":"http:\/\/www.chateau-de-cabidos.com\/wp-content\/uploads\/2016\/06\/cabidos-2.jpg","contentUrl":"http:\/\/www.chateau-de-cabidos.com\/wp-content\/uploads\/2016\/06\/cabidos-2.jpg"},{"@type":"BreadcrumbList","@id":"https:\/\/www.chateau-de-cabidos.com\/en\/qui-sommes-nous\/#breadcrumb","itemListElement":[{"@type":"ListItem","position":1,"name":"Accueil","item":"https:\/\/www.chateau-de-cabidos.com\/en\/"},{"@type":"ListItem","position":2,"name":"Who Are we?"}]},{"@type":"WebSite","@id":"https:\/\/www.chateau-de-cabidos.com\/en\/#website","url":"https:\/\/www.chateau-de-cabidos.com\/en\/","name":"Château de Cabidos","description":"","potentialAction":[{"@type":"SearchAction","target":{"@type":"EntryPoint","urlTemplate":"https:\/\/www.chateau-de-cabidos.com\/en\/?s={search_term_string}"},"query-input":{"@type":"PropertyValueSpecification","valueRequired":true,"valueName":"search_term_string"}}],"inLanguage":"en-US"}]}</script>
<!-- / Yoast SEO plugin. -->

Le cépage petit manseng d’origine pyrénéenne occupe 7,3 hectares

Le domaine du Château de Cabidos est une propriété familiale de neuf  hectares située au nord du Béarn, non loin des célèbres coteaux de Jurançon.

Château de Cabidos
